 the highest common divisor of 117905 and 65?
5
Calculate the highest common factor of 11429 and 11.
11
Calculate the highest common factor of 20099 and 1313.
101
What is the greatest common divisor of 2940 and 3360?
420
Calculate the highest common factor of 1264761 and 54.
27
What is the greatest common factor of 628 and 203001?
157
Calculate the greatest common factor of 51700 and 564.
188
What is the highest common divisor of 3857 and 14210?
203
What is the greatest common factor of 4131 and 389997?
153
Calculate the greatest common divisor of 18236 and 284.
4
What is the greatest common divisor of 849 and 64807?
283
Calculate the highest common factor of 3496 and 920.
184
Calculate the highest common divisor of 26743 and 1833.
47
What is the greatest common divisor of 50827 and 15953?
371
Calculate the highest common factor of 7584 and 288.
96
What is the highest common divisor of 36 and 73314?
18
What is the greatest common factor of 7810 and 21120?
110
Calculate the highest common divisor of 124 and 3100.
124
Calculate the greatest common divisor of 111152 and 5.
1
Calculate the highest common factor of 18 and 409176.
18
Calculate the highest common divisor of 1448227 and 22.
11
Calculate the greatest common factor of 1313 and 13234.
13
What is the highest common factor of 91709 and 12207?
313
What is the greatest common divisor of 2827 and 3916?
11
What is the highest common factor of 4433 and 104?
13
Calculate the greatest common divisor of 1378482 and 70.
14
What is the highest common divisor of 477 and 4545?
9
Calculate the greatest common divisor of 1154828 and 4939.
449
What is the highest common factor of 5733 and 713349?
819
Calculate the highest common factor of 2310 and 69930.
210
Calculate the highest common divisor of 5035 and 2192239.
1007
Calculate the greatest common factor of 10092 and 1566.
174
What is the highest common divisor of 457370 and 80?
10
What is the highest common divisor of 9867 and 4917?
33
What is the highest common divisor of 3945 and 225?
15
What is the greatest common factor of 494 and 237861?
247
What is the greatest common divisor of 1865 and 5105?
5
What is the greatest common divisor of 81562 and 221?
13
What is the greatest common divisor of 2748 and 12612?
12
Calculate the greatest common factor of 2044149 and 7051.
641
Calculate the highest common factor of 21286 and 232.
58
Calculate the highest common factor of 1424 and 24831.
89
What is the greatest common factor of 4484 and 2432?
76
Calculate the greatest common factor of 296 and 99272.
8
What is the greatest common factor of 9186 and 22?
2
What is the greatest common factor of 1842 and 30?
6
Calculate the greatest common divisor of 140 and 64250.
10
Calculate the greatest common divisor of 231 and 1396087.
77
What is the highest common factor of 38387 and 23?
23
Calculate the greatest common factor of 522 and 11803.
29
What is the highest common divisor of 23941 and 5?
1
Calculate the highest common divisor of 4697 and 149023.
427
Calculate the highest common factor of 18 and 10414.
2
What is the highest common factor of 25 and 205925?
25
Calculate the highest common divisor of 876 and 1174132.
292
Calculate the greatest common divisor of 530 and 4983590.
530
What is the highest common factor of 103965 and 3915?
435
Calculate the highest common divisor of 544 and 6848.
32
Calculate the highest common divisor of 10560 and 1140.
60
What is the highest common divisor of 140 and 540?
20
What is the greatest common factor of 97812 and 22932?
468
Calculate the greatest common factor of 32 and 2806304.
32
What is the greatest common divisor of 12 and 599916?
12
What is the greatest common factor of 36192 and 4656?
48
What is the highest common divisor of 324 and 11529?
27
What is the greatest common divisor of 1624 and 51736?
232
What is the greatest common divisor of 74685 and 2600?
65
What is the highest common divisor of 132 and 6000?
12
Calculate the highest common divisor of 450 and 26775.
225
Calculate the greatest common factor of 242 and 86999.
121
Calculate the greatest common divisor of 55739 and 10286.
139
Calculate the greatest common divisor of 18732 and 25536.
84
Calculate the highest common divisor of 997756 and 8.
4
What is the highest common factor of 77599 and 29764?
1063
What is the greatest common divisor of 627 and 16416?
57
Calculate the highest common divisor of 8514 and 48.
6
What is the greatest common factor of 2130 and 1038?
6
Calculate the greatest common factor of 18316 and 1678324.
964
What is the greatest common divisor of 212322 and 132?
66
Calculate the highest common factor of 46546 and 296.
74
Calculate the greatest common divisor of 1121 and 3658.
59
What is the greatest common divisor of 61383 and 9?
3
Calculate the greatest common factor of 91 and 114569.
91
Calculate the greatest common divisor of 2301 and 30264.
39
What is the greatest common divisor of 567 and 23499?
63
What is the highest common divisor of 23 and 604532?
23
What is the highest common divisor of 1596 and 12504?
12
Calculate the highest common divisor of 63758 and 284.
142
What is the greatest common divisor of 31758 and 603?
201
What is the highest common divisor of 22450 and 110?
10
What is the greatest common divisor of 61 and 293?
1
What is the greatest common factor of 66 and 96219?
3
What is the highest common divisor of 247 and 6097?
13
What is the greatest common factor of 81 and 12327957?
81
What is the greatest common divisor of 1135 and 2676330?
1135
Calculate the highest common factor of 19610 and 20670.
530
What is the highest common divisor of 1260 and 795420?
180
What is the greatest common divisor of 25848 and 216?
72
What is the greatest common factor of 1020 and 822780?
60
Calculate the greatest common divisor of 106 and 304.
2
What is the highest common factor of 233411 and 2727?
101
What is the highest common factor of 45 and 23040?
45
What is the greatest common divisor of 803257 and 2522?
1261
What is the greatest common divisor of 14 and 11828?
2
Calculate the greatest common factor of 19939 and 8636.
127
Calculate the highest common factor of 70 and 12500.
10
Calculate the highest common factor of 3364 and 4640.
116
Calculate the highest common factor of 40479 and 2489.
131
What is the highest common divisor of 299766 and 2?
2
What is the greatest common factor of 4281075 and 477?
477
Calculate the greatest common factor of 161 and 45563.
161
Calculate the greatest common factor of 27 and 277416.
9
Calculate the highest common divisor of 836094 and 1071.
357
What is the greatest common factor of 9010 and 8262?
34
Calculate the greatest common divisor of 3243 and 13959.
141
Calculate the highest common divisor of 154124 and 371.
53
What is the highest common factor of 121969 and 736?
23
Calculate the highest common factor of 1377 and 141.
3
Calculate the highest common divisor of 1033275 and 12765.
345
Calculate the greatest common divisor of 23642 and 42.
2
Calculate the greatest common factor of 201 and 56615.
67
Calculate the greatest common factor of 11341 and 1529.
11
Calculate the highest common factor of 17392 and 24.
8
What is the greatest common factor of 76 and 2564?
4
What is the greatest common divisor of 70 and 626410?
10
Calculate the greatest common factor of 690 and 8349.
69
What is the greatest common divisor of 44 and 15002108?
44
Calculate the greatest common divisor of 301518 and 42.
42
What is the highest common divisor of 1190 and 374?
34
What is the greatest common divisor of 87 and 473019?
87
What is the greatest common factor of 2030 and 1204950?
290
What is the highest common factor of 320950 and 50?
50
Calculate the greatest common divisor of 13425 and 52575.
75
What is the greatest common divisor of 7134 and 66?
6
What is the greatest common divisor of 87 and 57971?
29
What is the highest common divisor of 47390 and 70?
70
Calculate the highest common divisor of 726 and 43923.
363
Calculate the highest common divisor of 612 and 71910.
306
What is the greatest common factor of 40641 and 207?
69
What is the greatest common divisor of 83 and 360552?
83
Calculate the highest common factor of 81663 and 6031.
163
Calculate the highest common factor of 94 and 661243.
47
What is the highest com